{"id":2,"date":"2014-10-24T11:47:44","date_gmt":"2014-10-24T11:47:44","guid":{"rendered":"http:\/\/huhtapartio.org\/?page_id=2"},"modified":"2025-10-16T09:04:19","modified_gmt":"2025-10-16T07:04:19","slug":"sample-page","status":"publish","type":"page","link":"https:\/\/huhtapartio.org\/","title":{"rendered":"Tervetuloa"},"content":{"rendered":"<p>&#8221;Sade ei haittaa, aina ruoka maittaa &#8211; Huhtapartio!&#8221;<\/p>\n<p>Huhtapartio ry on jyv\u00e4skyl\u00e4l\u00e4inen partiolippukunta, joka toimii Huhtasuon alueella. \u00a0N\u00e4ilt\u00e4 sivuilta l\u00f6yd\u00e4t yhteystietomme ja ryhmien kokoontumisajat. Tervetuloa mukaan toimintaan!<\/p>\n<h1>Minustako partiolainen?<\/h1>\n<p>Kyll\u00e4, juuri sinusta! Kaikilla on mahdollisuus aloittaa partioharrastus ja otamme mielell\u00e4mme uusia j\u00e4seni\u00e4 toimintaamme mukaan. Ryhmiin ovat tervetulleita kaikki ekaluokkalaiset ja sit\u00e4 vanhemmat lapset ja nuoret. \u00a0Voit ilmoittautua j\u00e4seneksi <a href=\"https:\/\/kuksa.partio.fi\/kotisivut\/jasenhakemus.aspx?id=9999758\">t\u00e4st\u00e4<\/a>.<\/p>\n<p>My\u00f6s aikuiset ovat tervetulleita mukaan lippukunnan toimintaan. Partio on harrastus, johon voit osallistua oman mielenkiinnon mukaan. Osa aikuisista partiolaisista on mukana viikoittain, osa harvemmin silloin kun omaan aikatauluun sopii. Sinulla ei tarvitse olla aikaisempaa partiotaustaa, reipas ja avoin mieli riitt\u00e4v\u00e4t. Tervetuloa mukaan!<\/p>\n<p>Lis\u00e4tietoa partiotoiminnasta l\u00f6yd\u00e4t Suomen partiolaiset ry:n verkkosivuilta\u00a0<a href=\"http:\/\/www.partio.fi\/tule-mukaan\">www.partio.fi\/tule-mukaan<\/a>.<\/p>\n","protected":false},"excerpt":{"rendered":"<p>&#8221;Sade ei haittaa, aina ruoka maittaa &#8211; Huhtapartio!&#8221; Huhtapartio ry on jyv\u00e4skyl\u00e4l\u00e4inen partiolippukunta, joka toimii Huhtasuon alueella. \u00a0N\u00e4ilt\u00e4 sivuilta l\u00f6yd\u00e4t yhteystietomme ja ryhmien kokoontumisajat. Tervetuloa mukaan toimintaan! Minustako partiolainen? Kyll\u00e4, [&hellip;]<\/p>\n","protected":false},"author":1,"featured_media":0,"parent":0,"menu_order":0,"comment_status":"closed","ping_status":"open","template":"","meta":{"footnotes":""},"class_list":["post-2","page","type-page","status-publish","hentry"],"_links":{"self":[{"href":"https:\/\/huhtapartio.org\/index.php?rest_route=\/wp\/v2\/pages\/2","targetHints":{"allow":["GET"]}}],"collection":[{"href":"https:\/\/huhtapartio.org\/index.php?rest_route=\/wp\/v2\/pages"}],"about":[{"href":"https:\/\/huhtapartio.org\/index.php?rest_route=\/wp\/v2\/types\/page"}],"author":[{"embeddable":true,"href":"https:\/\/huhtapartio.org\/index.php?rest_route=\/wp\/v2\/users\/1"}],"replies":[{"embeddable":true,"href":"https:\/\/huhtapartio.org\/index.php?rest_route=%2Fwp%2Fv2%2Fcomments&post=2"}],"version-history":[{"count":16,"href":"https:\/\/huhtapartio.org\/index.php?rest_route=\/wp\/v2\/pages\/2\/revisions"}],"predecessor-version":[{"id":344,"href":"https:\/\/huhtapartio.org\/index.php?rest_route=\/wp\/v2\/pages\/2\/revisions\/344"}],"wp:attachment":[{"href":"https:\/\/huhtapartio.org\/index.php?rest_route=%2Fwp%2Fv2%2Fmedia&parent=2"}],"curies":[{"name":"wp","href":"https:\/\/api.w.org\/{rel}","templated":true}]}}